?
3
Calculate the remainder when 2091 is divided by 690.
21
What is the remainder when 46941 is divided by 12?
9
Calculate the remainder when 128 is divided by 23.
13
What is the remainder when 236 is divided by 24?
20
What is the remainder when 273 is divided by 51?
18
What is the remainder when 93 is divided by 19?
17
What is the remainder when 2434 is divided by 773?
115
What is the remainder when 58 is divided by 37?
21
Calculate the remainder when 325 is divided by 15.
10
What is the remainder when 21 is divided by 8?
5
What is the remainder when 190 is divided by 66?
58
What is the remainder when 275 is divided by 14?
9
Calculate the remainder when 522 is divided by 136.
114
What is the remainder when 46 is divided by 7?
4
Calculate the remainder when 29 is divided by 12.
5
What is the remainder when 1333 is divided by 27?
10
Calculate the remainder when 1784 is divided by 16.
8
What is the remainder when 359 is divided by 20?
19
What is the remainder when 3509 is divided by 1164?
17
What is the remainder when 147 is divided by 41?
24
What is the remainder when 11606 is divided by 86?
82
Calculate the remainder when 270 is divided by 167.
103
Calculate the remainder when 2027 is divided by 58.
55
Calculate the remainder when 1008 is divided by 23.
19
What is the remainder when 1888 is divided by 9?
7
What is the remainder when 264 is divided by 27?
21
What is the remainder when 15705 is divided by 102?
99
What is the remainder when 106 is divided by 36?
34
Calculate the remainder when 161 is divided by 31.
6
What is the remainder when 12246 is divided by 250?
246
What is the remainder when 151 is divided by 45?
16
Calculate the remainder when 1028 is divided by 147.
146
Calculate the remainder when 787 is divided by 23.
5
What is the remainder when 827 is divided by 18?
17
Calculate the remainder when 2221 is divided by 1110.
1
Calculate the remainder when 1206 is divided by 200.
6
Calculate the remainder when 910 is divided by 232.
214
Calculate the remainder when 879 is divided by 10.
9
What is the remainder when 30173 is divided by 141?
140
What is the remainder when 3118 is divided by 80?
78
What is the remainder when 756 is divided by 96?
84
What is the remainder when 1143 is divided by 13?
12
Calculate the remainder when 591 is divided by 39.
6
Calculate the remainder when 6459 is divided by 49.
40
Calculate the remainder when 2813 is divided by 13.
5
Calculate the remainder when 437 is divided by 131.
44
Calculate the remainder when 548 is divided by 123.
56
Calculate the remainder when 4584 is divided by 5.
4
Calculate the remainder when 285 is divided by 17.
13
Calculate the remainder when 83 is divided by 8.
3
Calculate the remainder when 162 is divided by 92.
70
What is the remainder when 65 is divided by 36?
29
Calculate the remainder when 481 is divided by 22.
19
What is the remainder when 786 is divided by 78?
6
Calculate the remainder when 1285 is divided by 4.
1
Calculate the remainder when 171 is divided by 75.
21
Calculate the remainder when 90 is divided by 10.
0
Calculate the remainder when 764 is divided by 155.
144
What is the remainder when 93 is divided by 38?
17
Calculate the remainder when 2195 is divided by 26.
11
Calculate the remainder when 24 is divided by 16.
8
What is the remainder when 314 is divided by 82?
68
Calculate the remainder when 204 is divided by 70.
64
Calculate the remainder when 1301 is divided by 145.
141
What is the remainder when 1834 is divided by 17?
15
What is the remainder when 1036 is divided by 87?
79
What is the remainder when 371 is divided by 101?
68
Calculate the remainder when 3140 is divided by 21.
11
What is the remainder when 30 is divided by 16?
14
What is the remainder when 865 is divided by 315?
235
What is the remainder when 1323 is divided by 65?
23
Calculate the remainder when 253 is divided by 118.
17
Calculate the remainder when 20221 is divided by 321.
319
What is the remainder when 1326 is divided by 47?
10
What is the remainder when 1193 is divided by 21?
17
Calculate the remainder when 2725 is divided by 119.
107
Calculate the remainder when 3439 is divided by 1142.
13
Calculate the remainder when 114 is divided by 44.
26
Calculate the remainder when 737 is divided by 82.
81
Calculate the remainder when 121 is divided by 61.
60
What is the remainder when 310 is divided by 28?
2
What is the remainder when 255 is divided by 83?
6
Calculate the remainder when 863 is divided by 148.
123
Calculate the remainder when 225 is divided by 76.
73
What is the remainder when 452 is divided by 193?
66
What is the remainder when 52 is divided by 28?
24
What is the remainder when 38 is divided by 8?
6
What is the remainder when 92 is divided by 24?
20
Calculate the remainder when 7241 is divided by 71.
70
Calculate the remainder when 674 is divided by 70.
44
What is the remainder when 245 is divided by 41?
40
What is the remainder when 75 is divided by 35?
5
What is the remainder when 80 is divided by 29?
22
What is the remainder when 2042 is divided by 107?
9
Calculate the remainder when 17086 is divided by 192.
190
What is the remainder when 197 is divided by 73?
51
Calculate the remainder when 476 is divided by 258.
218
Calculate the remainder when 6938 is divided by 78.
74
What is the remainder when 733 is divided by 189?
166
What is the remainder when 984 is divided by 10?
4
Calculate the remainder when 480 is divided by 212.
56
Calculate the remainder when 1874 is divided by 1860.
14
What is the remainder when 117 is divided by 25?
17
What is the remainder when 93 is divided by 16?
13
Calculate the remainder when 545 is divided by 39.
38
What is the remainder when 142 is divided by 36?
34
What is the remainder when 1004 is divided by 72?
68
What is the remainder when 338 is divided by 19?
15
Calculate the remainder when 11770 is divided by 9.
7
Calculate the remainder when 765 is divided by 151.
10
What is the remainder when 8640 is divided by 67?
64
Calculate the remainder when 429 is divided by 54.
51
Calculate the remainder when 816 is divided by 201.
12
Calculate the remainder when 1001 is divided by 67.
63
What is the remainder when 68 is divided by 24?
20
What is the remainder when 118 is divided by 32?
22
Calculate the remainder when 165 is divided by 17.
12
What is the remainder when 756 is divided by 158?
124
What is the remainder when 322 is divided by 104?
10
Calculate the remainder when 1093 is divided by 38.
29
What is the remainder when 407 is divided by 194?
19
What is the remainder when 700 is divided by 230?
10
Calculate the remainder when 886 is divided by 23.
12
Calculate the remainder when 724 is divided by 143.
9
What is the remainder when 371 is divided by 202?
169
What is the remainder when 10005 is divided by 7?
2
Calculate the remainder when 681 is divided by 338.
5
Calculate the remainder when 4062 is divided by 127.
125
What is the remainder when 81 is divided by 14?
11
What is the remainder when 53 is divided by 19?
15
What is the remainder when 1127 is divided by 27?
20
Calculate the remainder when 372 is divided by 126.
120
What is the remainder when 331 is divided by 124?
83
Calculate the remainder when 170 is divided by 29.
25
Calculate the remainder when 854 is divided by 37.
3
Calculate the remainder when 39 is divided by 9.
3
What is the remainder when 13762 is divided by 124?
122
What is the remainder when 761 is divided by 153?
149
Calculate the remainder when 4978 is divided by 10.
8
Calculate the remainder when 3664 is divided by 166.
12
What is the remainder when 4344 is divided by 128?
120
What is the remainder when 120 is divided by 14?
8
What is the remainder when 56 is divided by 12?
8
What is the remainder when 807 is divided by 89?
6
What is the remainder when 55 is divided by 45?
10
What is the remainder when 166 is divided by 43?
37
Calculate the remainder when 329 is divided by 76.
25
Calculate the remainder when 435 is divided by 129.
48
What is the remainder when 34 is divided by 18?
16
What is the remainder when 509 is divided by 132?
113
Calculate the remainder when 576 is divided by 83.
78
Calculate the remainder when 42 is divided by 26.
16
What is the remainder when 407 is divided by 68?
67
What is the remainder w